220?
False
Is 74332 a multiple of 3?
False
Is 174699 a multiple of 423?
True
Is 20 a factor of 22491517?
False
Is 192299 a multiple of 17?
False
Does 344 divide 1406566?
False
Does 47 divide 52478?
False
Does 42 divide 1840685?
False
Does 9 divide 6200802?
True
Does 1637 divide 656437?
True
Does 41 divide 461250?
True
Does 2172 divide 19448088?
True
Does 247 divide 59631?
False
Is 378102 a multiple of 176?
False
Does 102 divide 426360?
True
Is 10769598 a multiple of 27?
True
Is 178013 a multiple of 38?
False
Is 90417 a multiple of 18?
False
Does 28 divide 132216?
True
Does 107 divide 4711852?
True
Is 298339 a multiple of 18?
False
Does 8 divide 351514?
False
Does 369 divide 4488147?
True
Is 490 a factor of 56214?
False
Is 48 a factor of 9108672?
True
Does 559 divide 10461126?
True
Is 48 a factor of 441600?
True
Is 6408919 a multiple of 68?
False
Is 3 a factor of 4395603?
True
Is 193131 a multiple of 73?
False
Does 7 divide 4089416?
False
Is 173 a factor of 438382?
True
Does 99 divide 39557748?
False
Is 40 a factor of 62720?
True
Does 160 divide 197611?
False
Is 28 a factor of 949394?
False
Does 271 divide 112736?
True
Does 963 divide 3681549?
True
Is 1007972 a multiple of 66?
False
Is 299988 a multiple of 78?
True
Is 89 a factor of 186455?
True
Is 130 a factor of 468685?
False
Is 8 a factor of 900072?
True
Does 12 divide 20187?
False
Does 534 divide 3045406?
False
Does 171 divide 1081560?
False
Is 622656 a multiple of 16?
True
Is 963 a factor of 15327614?
False
Is 142690 a multiple of 190?
True
Is 33 a factor of 143715?
True
Does 6 divide 19854029?
False
Is 204979 a multiple of 129?
False
Is 12 a factor of 87603?
False
Is 387189 a multiple of 99?
True
Is 65464 a multiple of 56?
True
Is 302 a factor of 16110190?
True
Is 851 a factor of 1422019?
False
Does 66 divide 206095?
False
Does 27 divide 859113?
True
Is 67 a factor of 245657?
False
Does 7 divide 52269?
True
Does 2789 divide 22409615?
True
Does 126 divide 178241?
False
Is 1309062 a multiple of 19?
True
Is 9313389 a multiple of 27?
False
Is 21 a factor of 236124?
True
Does 37 divide 9877372?
True
Does 175 divide 638400?
True
Is 112 a factor of 5165664?
True
Is 10 a factor of 561375?
False
Is 3129238 a multiple of 20?
False
Is 12 a factor of 204732?
True
Is 5566140 a multiple of 17?
True
Is 13 a factor of 13034?
False
Is 2229337 a multiple of 1681?
False
Does 28 divide 5913299?
False
Is 3 a factor of 1006878?
True
Is 93 a factor of 840999?
True
Is 2574275 a multiple of 115?
True
Does 10 divide 1914991?
False
Is 982864 a multiple of 752?
True
Is 9 a factor of 1595520?
True
Is 11908782 a multiple of 1026?
True
Is 29 a factor of 53955?
False
Is 52 a factor of 1219192?
True
Is 4181806 a multiple of 78?
False
Is 2627622 a multiple of 558?
True
Is 216920 a multiple of 58?
True
Does 587 divide 8302601?
False
Does 412 divide 10486812?
False
Does 191 divide 135037?
True
Is 48 a factor of 1205040?
True
Is 9266996 a multiple of 2063?
True
Is 10 a factor of 444760?
True
Is 151 a factor of 4995?
False
Is 77746 a multiple of 65?
False
Does 32 divide 17738?
False
Is 11 a factor of 506996?
False
Does 485 divide 553870?
True
Is 2388 a factor of 4967040?
True
Does 3 divide 6390?
True
Does 108 divide 370656?
True
Does 6 divide 11252789?
False
Is 6466864 a multiple of 368?
True
Is 209376 a multiple of 12?
True
Does 147 divide 1104558?
True
Is 27 a factor of 3800304?
True
Does 545 divide 368420?
True
Does 2 divide 382?
True
Is 11 a factor of 6116132?
True
Is 19 a factor of 119365?
False
Does 717 divide 1120671?
True
Is 15 a factor of 226389?
False
Is 2011264 a multiple of 141?
False
Is 2 a factor of 8719?
False
Is 672 a multiple of 15?
False
Is 205574 a multiple of 46?
True
Does 25 divide 2759678?
False
Is 1138062 a multiple of 6?
True
Is 4 a factor of 273647?
False
Does 913 divide 13059552?
True
Is 469 a factor of 1508304?
True
Is 88432 a multiple of 17?
False
Does 148 divide 267436?
True
Is 50147 a multiple of 111?
False
Is 38571 a multiple of 23?
True
Is 98754 a multiple of 6?
True
Is 254244 a multiple of 13?
False
Is 40 a factor of 24954?
False
Does 16 divide 74978?
False
Is 41 a factor of 6932116?
True
Does 11 divide 32615?
True
Does 59 divide 78879?
False
Is 164 a factor of 20814061?
False
Is 26 a factor of 228514?
True
Does 166 divide 3346015?
False
Is 8 a factor of 216920?
True
Is 16 a factor of 335739?
False
Does 15 divide 1267249?
False
Does 42 divide 4366068?
True
Is 61 a factor of 2267858?
True
Does 70 divide 1666884?
False
Does 164 divide 148584?
True
Is 701062 a multiple of 361?
True
Is 2958 a multiple of 99?
False
Does 22 divide 843150?
True
Is 66 a factor of 1003398?
True
Is 1518755 a multiple of 15?
False
Is 193691 a multiple of 29?
True
Is 5004863 a multiple of 17?
False
Is 24 a factor of 93624?
True
Does 13 divide 1389239?
False
Is 2538770 a multiple of 662?
True
Is 33 a factor of 11459655?
False
Is 172 a factor of 381738?
False
Does 41 divide 518468?
False
Is 1235946 a multiple of 163?
False
Is 492 a factor of 313896?
True
Is 23946489 a multiple of 771?
True
Is 36 a factor of 138916?
False
Does 23 divide 1283734?
False
Is 19 a factor of 3103878?
True
Is 3999791 a multiple of 102?
False
Does 165 divide 250593?
False
Does 38 divide 228266?
True
Is 29 a factor of 154530?
False
Is 439665 a multiple of 97?
False
Is 4699885 a multiple of 13?
False
Is 405110 a multiple of 10?
True
Is 28866 a multiple of 17?
True
Is 21 a factor of 7125867?
True
Does 171 divide 353115?
True
Is 155 a factor of 1087146?
False
Is 27 a factor of 113925?
False
Is 483600 a multiple of 3?
True
Is 113974 a multiple of 3?
False
Is 9 a factor of 69615?
True
Is 118 a factor of 1185920?
False
Is 21989 a multiple of 3?
False
Is 17 a factor of 2684215?
True
Is 55162 a multiple of 3?
False
Is 84 a factor of 9161?
False
Is 430 a factor of 295238?
False
Is 232 a factor of 299048?
True
Is 1179748 a multiple of 76?
True
Does 192 divide 1527250?
False
Does 55 divide 159115?
True
Is 18923 a multiple of 3?
False
Is 167 a factor of 2781864?
False
Is 6240695 a multiple of 1205?
True
Is 313 a factor of 1061452?
False
Does 28 divide 52786?
False
Is 35 a factor of 17290?
True
Is 42058 a multiple of 34?
True
Is 626 a factor of 6442166?
True
Does 16 divide 154978?
False
Is 14364 a multiple of 18?
True
Does 40 divide 785209?
False
Is 24 a factor of 4125384?
True
Is 5 a factor of 57805?
True
Is 259 a factor of 458632?
False
Is 3276108 a multiple of 51?
False
Does 37 divide 15873?
True
Is 1285335 a multiple of 15?
True
Is 21624 a multiple of 24?
True
Is 178350 a multiple of 28?
False
Is 974298 a multiple of 78?
True
Is 93 a factor of 7277869?
False
Is 30016 a multiple of 8?
True
Is 964608 a multiple of 128?
True
Is 298832 a multiple of 9?
False
Is 3 a factor of 298398?
True
Is 5 a factor of 184941?
False
Is 669945 a multiple of 295?
True
Is 11 a factor of 10001574?
True
Does 240 divide 8815?
False
Is 1938 a factor of 9034956?
True
Does 5 divide 2124148?
False
Is 5 a factor of 1181300?
True
Is 114015 a multiple of 55?
True
Does 121 divide 16040281?
False
Does 5 divide 7203?
False
Is 257656 a multiple of 602?
True
Is 125 a factor of 125875?
True
Is 13 a factor of 3002621?
False
Does 36 divide 300443?
False
Does 37 divide 35927?
True
Is 20 a factor of 83071?
False
Is 1163194 a multiple of 178?
False
Is 205 a factor of 82216?
False
Is 15 a factor of 24682545?
True
Does 95 divide 312269?
False
Is 44661 a multiple of 5?
False
Is 6 a factor of 3411707?
False
Is 886 a factor of 275874?
False
Does 110 divide 41919?
False
Is 52491 a multiple of 7?
False
Does 25 divide 14276275?
True
Does 38 divide 109478?
True
Is 243421 a multiple of 10?
False
Does 15 divide 1558245?
True
Does 8 divide 114434?
False
Does 21 divide 4595?
False
Is 168003 a multiple of 110?
False
Does 363 divide 287629?
False
Does 53 divide 156403?
True
Does 593 divide 1317956?
False
Is 153 a factor of 63801?
True
Is 2 a factor of 55818?
True
Does 14 divide 201556?
False
Is 98450 a multiple of 22?
True
Is 9 a factor of 1313460?
True
Is 4 a factor of 712584?
True
Is 57 a factor of 647178?
True
Does 12 divide 3526864?
False
Is 1051344 a multiple of 298?
True
Is 139 a factor of 739923?
False
Does 9 divide 3286825?
False
Is 35 a factor of 96218?
False
Does 45 divide 1489987?
False
Is 199 a fact